(24).
-87
Let w(b) = -b**3 - 38*b**2 + 4*b - 17. Give w(0).
-17
Let a(s) = -2*s**2 + 112*s - 1304. What is a(23)?
214
Let u(l) = -19*l - 2424. What is u(-116)?
-220
Let k(a) = 3*a**3 - 76*a**2 + 88*a + 178. Determine k(24).
-14
Let m(s) = -6*s**2 + 3*s + 10. Calculate m(2).
-8
Let r(k) = -2*k**2 + 10*k - 46. Calculate r(7).
-74
Let k(d) = 3*d**2 - 68*d + 351. Give k(8).
-1
Let p(u) = -4*u**3 - 101*u**2 + 83*u + 125. Calculate p(-26).
-5
Let h(g) = g**3 - 112*g**2 - 3749*g - 553. Determine h(139).
3
Let n(z) = 2*z**3 + 70*z**2 + 8*z - 76. Determine n(-35).
-356
Let v(i) = 267*i - 1321. Give v(5).
14
Let q(i) = i**2 + 15*i - 88. Determine q(-9).
-142
Let f(y) = 21*y - 1726. Calculate f(83).
17
Let u(l) = -2*l**2 + 25*l + 214. Determine u(-6).
-8
Let t(q) = -2*q**2 - 35*q - 252. Give t(-8).
-100
Let h(s) = -s**2 + 92*s - 959. Give h(12).
1
Let q(y) = 40*y - 551. Calculate q(14).
9
Let q(s) = 238*s - 28333. What is q(119)?
-11
Let p(l) = -2*l**3 + 6*l**2 - 11*l + 23. Determine p(4).
-53
Let g(w) = w**3 + 18*w**2 - 140*w - 24. Give g(6).
0
Let o(t) = t**3 - 17*t - 6. What is o(-7)?
-230
Let c(t) = 106*t + 1411. Determine c(-14).
-73
Let f(g) = -g**3 + 92*g**2 - 192*g + 1101. Determine f(90).
21
Let q(r) = -213*r**2 + 2134*r - 17. Give q(10).
23
Let j(l) = l**3 + 36*l**2 + 66*l - 73. Give j(-34).
-5
Let v(m) = -2*m**3 + 13*m**2 + 4*m - 3. What is v(6)?
57
Let j(n) = 4*n**2 - 60*n - 12. Determine j(16).
52
Let j(t) = t**3 - 58*t**2 - 65*t + 723. Calculate j(59).
369
Let b(g) = -5*g**2 - 308*g + 159. Give b(-62).
35
Let j(h) = h**2 + 11*h - 24. Give j(-10).
-34
Let b(f) = f**3 + 268*f**2 - 6985*f + 6711. Give b(-292).
-5
Let r(y) = y**3 - 3*y**2 - 15*y + 34. Give r(5).
9
Let j(y) = -5912*y - 47302. What is j(-8)?
-6
Let z(s) = s**2 + s - 638. Determine z(-26).
12
Let y(j) = j**3 - 13*j**2 - 12*j + 50. What is y(13)?
-106
Let q(f) = -6*f**3 + 83*f**2 + 19*f - 2. Calculate q(14).
68
Let s(w) = 5*w**2 - 232*w + 1479. Calculate s(8).
-57
Let q(f) = f**3 + 24*f**2 - 57*f - 164. Calculate q(-26).
-34
Let l(y) = y**3 + 12*y**2 - 44*y - 637. Determine l(-9).
2
Let w(r) = -42*r + 14. Determine w(1).
-28
Let q(s) = 2*s**3 - 7*s**2 - 99*s - 4. What is q(9)?
-4
Let x(b) = -b - 40. Calculate x(15).
-55
Let u(v) = 2*v**2 + 27*v - 120. Calculate u(4).
20
Let s(j) = -1000*j - 25984. What is s(-26)?
16
Let x(j) = j**3 + 6*j**2 + 20*j - 7. Determine x(-4).
-55
Let h(q) = q**3 + q**2 + q + 1. Determine h(2).
15
Let v(i) = -85*i**3 - 2*i**2 + 4*i - 2. Give v(1).
-85
Let f(a) = -6*a**2 - 399*a - 171. Determine f(-66).
27
Let t(y) = 2*y**2 + 3*y + 34. Determine t(0).
34
Let h(z) = z**2 - 17*z - 7. What is h(16)?
-23
Let k(w) = w**3 + 12*w**2 + 13*w - 53. What is k(-10)?
17
Let j(w) = 382*w**3 + 12*w**2 + 12*w - 1. What is j(-1)?
-383
Let o(j) = j**3 + 16*j**2 - 14*j - 190. Give o(-16).
34
Let n(x) = x**3 + 8*x**2 + 8*x - 16. Give n(-7).
-23
Let t(s) = 214*s - 7143. What is t(33)?
-81
Let d(i) = -i**2 + 33*i + 50. Give d(34).
16
Let z(w) = -w**3 - 12*w**2 - 18*w - 49. Calculate z(-11).
28
Let i(k) = 86*k - 1542. Give i(18).
6
Let n(o) = o**3 - 3*o**2 - 9*o + 4. Determine n(4).
-16
Let n(p) = 2*p**3 + 2*p**2 - 5*p - 28. What is n(4)?
112
Let t(d) = 2*d**3 + 26*d**2 - 24*d - 54. Give t(2).
18
Let q(n) = -7*n**2 - 261*n - 2209. Give q(-13).
1
Let t(z) = 2*z**3 - 9*z**2 - 40*z + 9. What is t(7)?
-26
Let o(u) = u**3 - 110*u**2 - 6580*u - 49. Calculate o(-43).
-6
Let v(j) = 19*j**3 + 398*j**2 - 25*j - 63. What is v(-21)?
21
Let y(n) = 91*n**2 + 72*n + 3. What is y(-2)?
223
Let z(s) = 83*s + 762. Determine z(-9).
15
Let p(c) = -2*c**2 - 51*c + 162. Calculate p(-28).
22
Let s(u) = 166*u - 1933. Give s(12).
59
Let o(h) = -9*h**2 - 128*h - 26. What is o(-14)?
2
Let h(s) = -2*s**2 - 29*s - 69. Calculate h(-3).
0
Let k(n) = -n**3 + 2*n**2 + 41*n + 112. What is k(-4)?
44
Let k(a) = -104*a - 334. What is k(-2)?
-126
Let u(m) = 3*m**3 + 46*m**2 + 19*m + 25. Determine u(-15).
-35
Let f(b) = 1407*b - 16970. What is f(12)?
-86
Let q(f) = -4961*f - 29747. Determine q(-6).
19
Let n(x) = -382*x + 4041. Calculate n(11).
-161
Let c(w) = 2*w**3 + 22*w**2 + 59*w + 5. Give c(-4).
-7
Let c(i) = -i**2 + 51*i + 9858. Determine c(-77).
2
Let m(o) = 17*o + 221. Give m(-13).
0
Let h(z) = z**3 + 187*z**2 - 201*z - 2445. Calculate h(-188).
-1
Let b(n) = -2*n**3 - 3*n**2 - 4*n - 14. Calculate b(-4).
82
Let p(i) = -13*i**2 + 66*i - 6. Give p(4).
50
Let m(a) = -a**3 - 31*a**2 - 68*a - 17. Calculate m(-29).
273
Let d(j) = j**3 - 8*j**2 + 15*j - 6. Determine d(2).
0
Let n(i) = -2*i**3 - i**2 + 44*i - 93. What is n(3)?
-24
Let g(f) = 50*f - 1653. Give g(32).
-53
Let k(t) = -t**3 + 22*t**2 + 76*t - 1. What is k(-3)?
-4
Let b(t) = 218*t - 15. Give b(-1).
-233
Let a(p) = 2*p**2 - 856*p + 19408. What is a(24)?
16
Let n(v) = -v**3 - 46*v**2 + 31*v - 760. Give n(-47).
-8
Let s(g) = -g**3 - 25*g**2 - 108*g - 9. Give s(-20).
151
Let r(u) = -2*u**3 - 9*u**2 + 83*u. Determine r(5).
-60
Let c(j) = -2*j**2 - 4*j + 127. Determine c(-9).
1
Let u(w) = -w**3 - 3*w**2 - 62*w + 171. What is u(0)?
171
Let b(r) = -18*r + 1877. What is b(104)?
5
Let n(h) = h**2 + 71*h - 2462. What is n(25)?
-62
Let k(m) = 16*m + 114. Calculate k(-6).
18
Let o(v) = 3*v**2 - 397*v + 518. Calculate o(131).
-6
Let q(v) = 8*v + 126. Determine q(-17).
-10
Let i(a) = 9574*a - 9576. Determine i(1).
-2
Let i(z) = -z**3 - 14*z**2 - 14*z + 118. What is i(-12)?
-2
Let n(o) = 36*o + 262. Calculate n(-7).
10
Let u(b) = b**3 + 14*b**2 + 32*b + 30. What is u(-13)?
-217
Let w(q) = 2*q**3 + 22*q**2 + 65*q + 30. Determine w(-6).
0
Let f(k) = -32*k**3 + 2*k**2 - 9*k + 16. Give f(3).
-857
Let p(o) = o**3 + 6*o**2 - 27*o - 127. What is p(-6)?
35
Let w(b) = -7257*b + 50799. Calculate w(7).
0
Let j(p) = p**3 + 254*p**2 + 436*p - 17129. Determine j(-252).
7
Let f(y) = 221*y + 51938. Give f(-235).
3
Let f(p) = -p**3 + 11*p**2 - 20*p - 49. Calculate f(5).
1
Let a(y) = y**3 + 210*y**2 - 13. What is a(-210)?
-13
Let l(d) = d**3 - 11*d**2 - 151*d - 2. Determine l(18).
-452
Let b(h) = 47*h**2 - 329*h - 1. Give b(7).
-1
Let u(s) = -7*s**3 - 23*s**2 + 25*s + 20. Calculate u(-4).
0
Let g(z) = -11334*z + 22674. Determine g(2).
6
Let o(z) = -2*z**2 - 52*z - 61. What is o(-25)?
-11
Let q(k) = 86*k - 3380. Calculate q(40).
60
Let t(o) = o**3 - 19*o**2 + 2*o - 51. Calculate t(19).
-13
Let j(p) = p**3 - 162*p**2 + 139*p + 3508. Give j(161).
-34
Let f(l) = -2*l**3 + 21*l**2 + 2*l - 138. Calculate f(10).
-18
Let b(t) = 12*t**2 - 173*t - 533. Calculate b(17).
-6
Let p(y) = 238*y - 8223. Give p(35).
107
Let i(d) = -50*d + 6. Calculate i(0).
6
Let m(t) = 13725*t - 109769. Give m(8).
31
Let p(j) = -2*j**3 - 106*j**2 - 200*j + 180. Determine p(-51).
-24
Let j(w) = 82*w + 1475. Give j(-20).
-165
Let j(i) = -3*i**2 + 85*i - 374. Give j(5).
-24
Let k(y) = 8*y - 19. What is k(6)?
29
Let b(y) = -4*y**3 - 28*y**2 - 3*y + 12. Determine b(-5).
-173
Let b(g) = -86*g + 1039. Determine b(13).
-79
Let v(p) = 6*p - 561. What is v(65)?
-171
Let d(z) = -z**3 + 41*z**2 + 84*z + 91. Determine d(43).
5
Let o(t) = -89*t**2 - 1242*t + 65. Give o(-14).
9
Let p(f) = -f**3 - 9*f**2 - 8*f - 39. Calculate p(-8).
-39
Let q(w) = w**2 + 14*w - 104. Determine q(5).
-9
Let h(b) = -608*b + 14. What is h(0)?
14
Let c(u) = -209*u - 1359. What is c(-7)?
104
Let y(u) = 24830*u + 49664. Calculate y(-2).
4
Let c(o) = 6*o**2 + 91*o + 22. Calculate c(-16).
102
Let g(o) = -47*o - 120. What is g(7)?
-449
Let x(k) = 3*k**2 - 27*k - 15. What is x(6)?
-69
Let i(x) = 2*x**3 - 5*x**2 - 192*x + 567. What is i(3)?
0
Let u(o) = o**2 + 35*o - 439. Calculate u(10).
11
Let k(t) = 26*t + 191. Determine k(-8).
-17
Let r(i) = -43*i + 5816. Give r(135).
11
Let a(f) = -3*f**2 + 34*f + 166. Give a(15).
1
Let v(j) = -121*j - 2171. Give v(-18).
7
Let m(n) = -6*n**2 + 192*n + 86. Calculate m(30).
446
Let l(n) = 33*n**2 + 6*n - 3. Give l(-1).
24
Let s(d) = -51*d**3 + 23*d**2 - 2*d - 25. Determine s(-1).
51
Let z(k) = -2*k**2 - 140*k - 2187. Calculate z(-25).
63
Let r(u) = 16*u**2 - 30*u + 70. Determine r(3).
124
Let w(m) = -m**2 - 86*m + 14275. What is w(-170)?
-5
Let y(j) = -17*j + 1441. What is y(29)?
948
Let t(j) = j**3 - 23*j**2 - 36*j + 64. What is t(25)?
414
Let k(u) = -3*u**2 + 8*u + 157. Determine k(0).
157
Let r(x) = 12*x - 69. Give r(9).
39
L